ue
Suppose -45 = 5*z - 120. Suppose s = z - 9. Suppose -190 = -s*l + 14. Is 17 a factor of l?
True
Let f = 252 + -652. Let u be f/(-28) - 4/14. Suppose z - 5*a - 20 = u, -44 = -4*z - 3*a. Is z a multiple of 12?
False
Let g be (-12)/28 + (-3)/(-7). Suppose g = -4*w - b + 965, 2*w + 0*w = 2*b + 470. Is 12 a factor of w?
True
Does 28 divide 15694/35 - (-2)/(-5)?
True
Let q = -119 - -70. Let a = 168 + q. Does 17 divide a?
True
Is 2 a factor of (3540/90)/((-2)/(-21))?
False
Let c be (-4)/6 + 50/(-6). Let n(f) = -f**2 - 2*f. Let o(k) = 2*k**2 - 3*k + 12. Let i(z) = -4*n(z) - o(z). Is 13 a factor of i(c)?
False
Let z = 38 + -36. Suppose d = z*d - 76. Is 19 a factor of d?
True
Suppose 0 = -3*j - 0*j + 246. Let z(r) = -j*r**2 + 92*r**2 - 10*r + 4*r - 3. Is 16 a factor of z(3)?
False
Let z(h) = 2*h**2 + 8*h + 3. Let k(n) = -3*n**2 - 15*n - 7. Let s(i) = 3*k(i) + 5*z(i). Let r be 3/(-18) + 23/(-6). Does 15 divide s(r)?
True
Suppose -4*b - b = -125. Does 13 divide ((-80)/b + 2)*(-95)/2?
False
Suppose 3*f = 2*f + 7. Let x = f + -3. Is 2 a factor of 1/2 - (-6)/x?
True
Let j be (4/18 + (-44)/36)*441. Let y = -280 - j. Is y a multiple of 23?
True
Suppose o + 1 - 761 = 0. Does 10 divide o?
True
Suppose 26*c - 21*c - 2*b = 662, b = -1. Is c a multiple of 22?
True
Suppose -9*g + 8*g + 56 = 0. Let b = -9 + g. Does 7 divide b?
False
Suppose -551 - 667 = 6*s. Let x = -137 - s. Does 10 divide x?
False
Suppose -138*x + 132*x = -528. Is 4 a factor of x?
True
Suppose s + 6 = 3*s. Let m(x) = -8*x**3 - 2*x**2 - 2*x + 4. Let t be m(3). Is 6 a factor of 1/s + t/(-12)?
False
Let n = -8 + 11. Suppose 79 = k + n*r + r, -k + 71 = -4*r. Does 14 divide k*((-4)/3 - -2)?
False
Let x(n) = 756*n**3 + 2*n**2 - n - 1. Is 6 a factor of x(1)?
True
Suppose 21300 = 17*d - 36636. Is d a multiple of 8?
True
Let g be (-14)/3 + 9/(-27). Let m = 13 - g. Suppose -5*u + 5*p - p = -m, u + 3*p = -4. Is u even?
True
Suppose -m - 5*q = -3*m - 17, 2*q - 14 = -m. Suppose -3*p - 2*c + 6 = 0, 0*c = -c. Suppose 56 = -p*g + m*g. Is g a multiple of 28?
True
Suppose q - 8 = -q. Suppose -q*h = -2*y - 238, -4*h - 2*y + 0*y = -258. Let v = h + -44. Is 4 a factor of v?
False
Let r = -79 - 2. Let y = -43 - r. Is y a multiple of 10?
False
Let a = -3 - 0. Let p be 12/(-4)*(2 + a). Does 9 divide p + 0 - (-10 - -4)?
True
Suppose 4*o = k + k + 98, 5*o - 2*k - 123 = 0. Suppose -h + 2*h = o. Suppose -p = -4*m - 66, -p + h = -3*m - 40. Is 31 a factor of p?
True
Suppose 6*r = -19*r + 7675. Does 2 divide r?
False
Let d be ((-3)/6)/((-1)/12). Let s be -3 + d + 17*11. Suppose -5*w = 5*y - 155, -2*y - s = -4*w - w. Does 9 divide w?
True
Let l be 2*(2 - (-5 + 6)). Let f = -3 - -53. Suppose 2*p + 126 = 4*v, 4*p - f = -l*v + 18. Is 5 a factor of v?
False
Let o(h) = -2*h**3 - 49*h**2 + 21*h - 9. Let f be o(-25). Suppose 57 + f = 2*p + 4*g, -3*g = -5*p + 396. Does 26 divide p?
True
Let a(h) = -h**3 + h**2 + 4*h - 5. Let w be a(-4). Suppose 0 = 3*n - w - 4. Does 10 divide n + 3/6*-2?
True
Let g = -390 + 238. Let j = g - -376. Is 8 a factor of j?
True
Let x be 26*(1 - (-1)/(-2)). Suppose 2*o + 2*p = 46, -p - x = -3*o + 68. Suppose -2*q + o = -4*i, 3 = i + 2. Does 4 divide q?
False
Let n(r) = 18*r + 62. Is 68 a factor of n(21)?
False
Let a be 3/12*6*2. Let i = 0 - -2. Suppose i*r - 30 = -a*x + x, -5 = r. Is 10 a factor of x?
True
Let g = -5 - -13. Suppose -10*y - 22 = -g*y. Let d(x) = -x**2 - 15*x - 9. Is d(y) a multiple of 17?
False
Let c(j) be the first derivative of -8 - 1/3*j**3 - 20*j + 15/2*j**2. Does 13 divide c(9)?
False
Let m(a) = -3*a**3 + 2*a**2 + a + 9. Let f(r) = -8*r**3 + 5*r**2 + 2*r + 26. Let q(c) = 4*f(c) - 11*m(c). Does 5 divide q(3)?
True
Let k(q) be the first derivative of -q**5/20 - q**4/12 - q**3/2 - 3*q**2/2 - 3*q - 3. Let l(t) be the first derivative of k(t). Does 2 divide l(-2)?
False
Let c(f) = f**3 - 16*f**2 - 16*f - 17. Let g be c(17). Does 8 divide 21 + g + (-1 - -3)?
False
Suppose -4*f - 21 = -8*f + 5*w, -2*f + 4*w + 12 = 0. Suppose 6*v - 4*v = f. Suppose -i = v - 45. Is 20 a factor of i?
False
Does 14 divide -1 + 1251 + -6 + 2?
True
Let x(b) = -129*b + 7*b**2 - 6 + 129*b. Does 19 divide x(3)?
True
Does 12 divide ((-7710)/21)/((-36)/(-42) + -1)?
False
Suppose -286 = -3*t + 62. Suppose -4*o + t = 4*a, 38 - 144 = -4*o + a. Is 9 a factor of o?
True
Suppose 15*s - 2782 = -382. Does 8 divide s?
True
Suppose 2*v - 2*i = 20, -2*i + 3 = v + 8. Suppose 3*h - 59 = 4*y, h - 5*y - 5 = 33. Let z = h + v. Is 18 a factor of z?
True
Suppose -1617 = -5*h + 4*k, 3*h + 0*k = -4*k + 951. Suppose 267 = 7*i - h. Does 20 divide i?
False
Let d be ((-475)/(-50))/(2/92). Suppose -d - 60 = -7*m. Is 32 a factor of m?
False
Let h = 429 + -299. Does 10 divide h?
True
Let u = -914 - -2597. Does 11 divide u?
True
Let p(v) = -34*v - 230. Is 13 a factor of p(-33)?
False
Suppose -32*d - 149 = -33*d. Is 5 a factor of d?
False
Let x(n) = -n**2 - 12*n - 7. Let o be x(-11). Suppose -z + 3*w - 3 = o*w, 5*w = 2*z - 15. Suppose 3*d - 4*t = -z*d + 23, -2*d + 14 = -2*t. Is 3 a factor of d?
False
Let x = -896 - -1328. Is x a multiple of 8?
True
Let h be 0/((3 - 2)*-1). Suppose -2*f - 22 - 10 = h. Let u = f - -33. Is u a multiple of 5?
False
Let c(x) = 9*x**2 - 3*x + 20. Let s(u) = 19*u**2 - 5*u + 40. Let y(l) = 13*c(l) - 6*s(l). Is y(8) a multiple of 14?
True
Let s = 66 + 602. Is 8 a factor of s?
False
Let k be (-1)/7 + (-1725)/175. Is 2/k - (81/(-5) + -5) a multiple of 7?
True
Let l be (-1)/(-3)*21 + -1. Suppose -a = -l - 3. Does 9 divide a?
True
Let x(s) = 5*s**2 + 11*s - 4. Let j = 24 + -27. Let y be -10*6/(-45)*j. Does 11 divide x(y)?
False
Suppose 2*f - 5*b + 5 = -1, 10 = 4*f + b. Suppose -4*o = 4*k - 460, 4*k + f*o = -3*o + 456. Does 17 divide k?
True
Let m = 65 - 77. Does 11 divide (-8)/6*1062/m?
False
Let v be 6/10*2*(-20)/(-12). Does 47 divide -5*2*((-15)/v + -1)?
False
Suppose 102*p + 2294 = 104*p. Is p a multiple of 31?
True
Suppose 18 = -2*l - 122. Let o = -28 - l. Let p = o - 24. Is p a multiple of 15?
False
Let n(q) = q**2 - 3*q - 10. Suppose -4*s + 4 = 4*l, 2*s = l + 10 + 7. Does 3 divide n(s)?
False
Does 22 divide 3781*(-14)/(-42)*3?
False
Let b = 231 - 88. Suppose -67*r = -3303 - 114. Suppose -4*h = -b + r. Does 5 divide h?
False
Let h be -1 + 0*(-2)/6 + -3. Is 17 a factor of 29*(5/1 - (-1 - h))?
False
Let b(q) = 2*q + 12. Let u be b(-5). Suppose 5*y - 5*z = 285, 2*z = -u*z. Does 26 divide y?
False
Suppose 0 = 2*a + 3*z - 67, -a = 2*a + 2*z - 113. Does 2 divide a?
False
Suppose 5*t = 5*h - 45, -4*h - 5*t + 4 + 77 = 0. Is h a multiple of 3?
False
Suppose 10*x - 9*x = 4. Suppose x*v - 20 = 3*v. Is v a multiple of 4?
True
Let r be ((-65)/(-10))/((-3)/(-6)). Let f = r + 46. Does 15 divide f?
False
Suppose 0 = 6*c - c. Suppose c = 16*j - 10*j - 156. Is 7 a factor of j?
False
Suppose -14*s = -4*s - 240. Is s a multiple of 20?
False
Let a(l) = l**3 + 6*l**2 + 6*l + 8. Let v be a(-5). Suppose 2*s + 2*b - 1 = 31, 4*s - 63 = -v*b. Is 2 a factor of s?
False
Let d(l) = 6 + l + 2*l**2 - 3 + 6*l**2 - 4. Let a be d(-2). Suppose -5*n + 2*x = -74, -3*x - 7 = 2*n - a. Does 7 divide n?
True
Let k = -10 + 13. Is (1/(-2))/(k - 1226/408) a multiple of 18?
False
Let l be ((-232)/12)/(0 + 3/(-18)). Suppose -2*n - l = -4*h, n = -h + 32 + 3. Is 7 a factor of h?
False
Let z = 8 + -4. Suppose m + z*m = -10. Is (2 - m)*(2 + -1) even?
True
Let a(f) = f**2 + 44*f + 18. Is 29 a factor of a(-46)?
False
Let n(v) = v**3 - 5*v**2 - v + 7. Let x be n(5). Let j(i) = 84*i. Let g be j(x). Suppose -3*l + 7*l = g. Is l a multiple of 21?
True
Let q be 24/40 - (-42)/5. Let u be q/15 + 24/10. Does 7 divide ((-9)/u)/((-12)/112)?
True
Let g be (-3)/(-3 - (-54)/12). Does 11 divide g/(-7) - (1 - 3408/28)?
True
Let a(d) = -6*d + 1. Suppose -3*h = -5*h + 16. Suppose -h = 4*p - r, p + 5 = 2*p - 2*r. Does 19 divide a(p)?
True
Let b = -16 + 18. Suppose -170 = -2*x - 3*a, -2*x + 425 = 3*x + b*a. Suppose -5*s - 3*l + 668 = x, 120 = s + 4*l. Is 29 a factor of s?
True
Let k = 89 + 232. Is 30 a factor of k?
False
Let a(m) be the first derivative of -m**2/2 + 19*m + 8. Is a(7) a multiple of 3?
True
Let p = -5 - -4. Let n be p - -133 - (-10 + 7). Suppose -4*a = -7*a + n. Does 12 divide a?
False
Let i(r) = 28*r**2 + 11*r. Let y be i(-5). Suppose 5*z + 3*x - y = 0, -3*x = 2*z + 2*x - 277